{"id":18,"date":"2019-12-28T20:24:47","date_gmt":"2019-12-28T19:24:47","guid":{"rendered":"http:\/\/lestchabotsdelessive.be\/?page_id=18"},"modified":"2026-01-10T08:52:17","modified_gmt":"2026-01-10T07:52:17","slug":"reglement","status":"publish","type":"page","link":"https:\/\/lestchabotsdelessive.be\/index.php\/reglement\/","title":{"rendered":"R\u00e8glement &#038; Tarifs"},"content":{"rendered":"\n<figure class=\"wp-block-image size-large\"><img loading=\"lazy\" decoding=\"async\" width=\"837\" height=\"178\" src=\"http:\/\/lestchabotsdelessive.be\/wp-content\/uploads\/2020\/01\/Contrat-de-Location_Titre-1.jpg\" alt=\"\" class=\"wp-image-218\" srcset=\"https:\/\/lestchabotsdelessive.be\/wp-content\/uploads\/2020\/01\/Contrat-de-Location_Titre-1.jpg 837w, https:\/\/lestchabotsdelessive.be\/wp-content\/uploads\/2020\/01\/Contrat-de-Location_Titre-1-300x64.jpg 300w, https:\/\/lestchabotsdelessive.be\/wp-content\/uploads\/2020\/01\/Contrat-de-Location_Titre-1-768x163.jpg 768w, https:\/\/lestchabotsdelessive.be\/wp-content\/uploads\/2020\/01\/Contrat-de-Location_Titre-1-830x177.jpg 830w, https:\/\/lestchabotsdelessive.be\/wp-content\/uploads\/2020\/01\/Contrat-de-Location_Titre-1-230x49.jpg 230w, https:\/\/lestchabotsdelessive.be\/wp-content\/uploads\/2020\/01\/Contrat-de-Location_Titre-1-350x74.jpg 350w, https:\/\/lestchabotsdelessive.be\/wp-content\/uploads\/2020\/01\/Contrat-de-Location_Titre-1-480x102.jpg 480w\" sizes=\"auto, (max-width: 837px) 100vw, 837px\" \/><\/figure>\n\n\n\n<ol class=\"wp-block-list\">\n<li>Le paiement de la location ainsi que le d\u00e9p\u00f4t de la caution se feront de fa\u00e7on imp\u00e9rative anticipativement sur le compte de l\u2019ASBL, IBAN&nbsp;: BE70 0003 2532 1125, avec les mentions&nbsp;: location (nom et dates) + caution.<br>                                      <span style=\"color:#cf2e2e\" class=\"color\"><span style=\"background-color:#fcb900\" class=\"background-color\"><strong><u>Le paiement de la location vaut r\u00e9servation<\/u><\/strong><\/span><\/span>.  <br>a) <u>Pour la location<\/u> : dans un d\u00e9lais de 10 jours d\u00e8s r\u00e9ception du mail d&rsquo;approbation de location. <strong>Sans quoi, la r\u00e9servation sera SUPPRIM\u00c9E du calendrier.<\/strong>  &nbsp;<br>b) <u>Pour la caution<\/u> : au plus tard 10 jours avant la date de location. <br>Le locataire devra prendre contact avec le responsable de salle afin de convenir d&rsquo;une heure pour l&rsquo;\u00e9tat des lieux et la remise des clefs.  <\/li>\n\n\n\n<li>Le locataire se chargera de la remise en \u00e9tat de la salle, conform\u00e9ment \u00e0 l\u2019\u00e9tat des lieux contradictoire et pr\u00e9alable, il s\u2019assura notamment du ramassage des d\u00e9tritus (gobelets, papiers, restes de repas, d\u00e9corations \u2026). <br><span style=\"color:#cf2e2e\" class=\"color\"><strong><u>Ceux-ci seront obligatoirement \u00e9vacu\u00e9s par le locataire<\/u>.<\/strong><\/span><br>Le locataire se chargera \u00e9galement du nettoyage complet de la salle ainsi que de la vaisselle. Moyennant un suppl\u00e9ment,&nbsp;le locataire pourra \u00e9ventuellement demander le nettoyage sol aupr\u00e8s de l\u2019ASBL.<br>     un forfait de 60,00 \u20ac sera d\u00e9duit de la caution <br>Moyennant un suppl\u00e9ment,&nbsp;le locataire pourra b\u00e9n\u00e9ficier de la location de la vaiselle. <br>     un forfait de 30,00 \u20ac sera d\u00e9duit de la caution <br><span style=\"color:#cf2e2e\" class=\"color\"><strong><u>Tout nettoyage insuffisant entra\u00eenera des frais suppl\u00e9mentaires<\/u> (caution).<\/strong><\/span><\/li>\n\n\n\n<li>Toutes formes de d\u00e9gradations seront \u00e0 charge du locataire, de mani\u00e8re non exhaustive par exemple&nbsp;: portes ab\u00eem\u00e9es, bris de vitres, peintures d\u00e9fra\u00eechies, toilettes endommag\u00e9es, \u00e9l\u00e9ments de cuisine endommag\u00e9s ou mal utilis\u00e9s (selon mode d\u2019emploi \u00e0 disposition), bardage ext\u00e9rieur ab\u00eem\u00e9, etc\u2026<\/li>\n\n\n\n<li>Le locataire devra se conformer aux r\u00e8glements communaux en vigueur et accomplir toutes les formalit\u00e9s requises en mati\u00e8re d\u2019accises et de SABAM, effectuer les demandes d\u2019autorisation pour les manifestations aupr\u00e8s de la commune.<\/li>\n\n\n\n<li>Le locataire sera tenu de souscrire une assurance en responsabilit\u00e9 civile pour la dur\u00e9e de la location des locaux, l\u2019ASBL d\u00e9clinant toutes responsabilit\u00e9s en cas d\u2019accident ou d\u2019atteinte \u00e0 l\u2019int\u00e9grit\u00e9 physique des personnes.<\/li>\n\n\n\n<li><strong><span style=\"color:#cf2e2e\" class=\"color\">Le locataire s\u2019engage \u00e0 faire respecter les biens priv\u00e9s et publics des environs et prendra, \u00e0 cette fin toutes les mesures utiles.&nbsp; Les propri\u00e9t\u00e9s riveraines ne doivent pas \u00eatre consid\u00e9r\u00e9es comme d\u00e9p\u00f4t d\u2019ordures.&nbsp; La responsabilit\u00e9 morale et financi\u00e8re du locataire sera engag\u00e9e vis \u00e0 vis de la conduite et des d\u00e9g\u00e2ts occasionn\u00e9s par ses invit\u00e9s ainsi que par les personnes acc\u00e9dant \u00e0 la salle au moyen d\u2019entr\u00e9es et ou de boissons payantes.<\/span><\/strong><\/li>\n\n\n\n<li>La fermeture des sonos, en dehors des f\u00eates officielles s\u2019effectuera conform\u00e9ment \u00e0 l\u2019Article 1<sup>er<\/sup>&nbsp; du r\u00e8glement de police de Rochefort (2H00 du matin), le repos des riverains est un droit fondamental.&nbsp; Le niveau sonore ne pourra jamais d\u00e9passer 90 d\u00e9cibels \u00e0 l\u2019int\u00e9rieur de la salle et 35 d\u00e9cibels \u00e0 l\u2019ext\u00e9rieur..<\/li>\n\n\n\n<li>En cas d\u2019urgence, l\u2019ASBL se r\u00e9servera le droit d\u2019acc\u00e9der, par un de ses repr\u00e9sentants, dans les lieux lou\u00e9s, m\u00eame pendant le temps de l\u2019\u00e9v\u00e8nement, sans qu\u2019elle n\u2019ait \u00e0 se justifier.<\/li>\n\n\n\n<li><span style=\"color:#cf2e2e\" class=\"color\"><strong>Les commandes de boissons, autres que les spiritueux, devront se faire aupr\u00e8s de la firme MAZIERS, avec laquelle l\u2019ASBL est li\u00e9e par contrat. Un responsable de cette firme poss\u00e9dant la cl\u00e9 de la salle pour d\u00e9poser les f\u00fbts et bouteilles et en reprendre les vidanges ainsi que les f\u00fbts non perc\u00e9s et les boissons non consomm\u00e9es.<\/strong><\/span><br><\/li>\n<\/ol>\n\n\n\n<figure class=\"wp-block-image size-large\"><img loading=\"lazy\" decoding=\"async\" width=\"773\" height=\"145\" src=\"http:\/\/lestchabotsdelessive.be\/wp-content\/uploads\/2020\/01\/Tarifs-etConditions-Location-1.jpg\" alt=\"\" class=\"wp-image-281\" srcset=\"https:\/\/lestchabotsdelessive.be\/wp-content\/uploads\/2020\/01\/Tarifs-etConditions-Location-1.jpg 773w, https:\/\/lestchabotsdelessive.be\/wp-content\/uploads\/2020\/01\/Tarifs-etConditions-Location-1-300x56.jpg 300w, https:\/\/lestchabotsdelessive.be\/wp-content\/uploads\/2020\/01\/Tarifs-etConditions-Location-1-768x144.jpg 768w, https:\/\/lestchabotsdelessive.be\/wp-content\/uploads\/2020\/01\/Tarifs-etConditions-Location-1-230x43.jpg 230w, https:\/\/lestchabotsdelessive.be\/wp-content\/uploads\/2020\/01\/Tarifs-etConditions-Location-1-350x66.jpg 350w, https:\/\/lestchabotsdelessive.be\/wp-content\/uploads\/2020\/01\/Tarifs-etConditions-Location-1-480x90.jpg 480w\" sizes=\"auto, (max-width: 773px) 100vw, 773px\" \/><\/figure>\n\n\n\n<figure class=\"wp-block-image size-large is-resized\"><img loading=\"lazy\" decoding=\"async\" width=\"946\" height=\"10\" src=\"http:\/\/lestchabotsdelessive.be\/wp-content\/uploads\/2020\/01\/Ligne.jpg\" alt=\"\" class=\"wp-image-235\" style=\"width:701px;height:7px\" srcset=\"https:\/\/lestchabotsdelessive.be\/wp-content\/uploads\/2020\/01\/Ligne.jpg 946w, https:\/\/lestchabotsdelessive.be\/wp-content\/uploads\/2020\/01\/Ligne-300x3.jpg 300w, https:\/\/lestchabotsdelessive.be\/wp-content\/uploads\/2020\/01\/Ligne-768x8.jpg 768w, https:\/\/lestchabotsdelessive.be\/wp-content\/uploads\/2020\/01\/Ligne-830x9.jpg 830w, https:\/\/lestchabotsdelessive.be\/wp-content\/uploads\/2020\/01\/Ligne-230x2.jpg 230w, https:\/\/lestchabotsdelessive.be\/wp-content\/uploads\/2020\/01\/Ligne-350x4.jpg 350w, https:\/\/lestchabotsdelessive.be\/wp-content\/uploads\/2020\/01\/Ligne-480x5.jpg 480w\" sizes=\"auto, (max-width: 946px) 100vw, 946px\" \/><\/figure>\n\n\n\n<ul class=\"wp-block-list\">\n<li>Pour les personnes domicili\u00e9es ou ayant r\u00e9sidence \u00e0 Lessive \u00e0 l\u2019occasion de bapt\u00eame, communion, f\u00eate la\u00efque, mariage et f\u00eate de famille en g\u00e9n\u00e9ral, ainsi que pour les associations ayant leur si\u00e8ge \u00e0 Lessive&nbsp;:&nbsp; &nbsp;<br>Grande salle et petite salle&nbsp;: <strong>150,00 \u20ac<\/strong> &nbsp;&#8211;&nbsp; Petite salle&nbsp;(hors week-end) :<strong> 50,00 \u20ac<\/strong><\/li>\n\n\n\n<li>Pour les m\u00eames occasions, mais pour les non-r\u00e9sidents ainsi que pour les associations n\u2019ayant pas leur si\u00e8ge \u00e0 Lessive&nbsp;: <br>Grande salle et petite salle&nbsp;: <strong>300,00 \u20ac<\/strong> &nbsp;&#8211;&nbsp; Petite salle&nbsp;(hors week-end) : <strong>100,00.\u20ac&nbsp;<\/strong><\/li>\n\n\n\n<li><mark style=\"background-color:rgba(0, 0, 0, 0)\" class=\"has-inline-color has-vivid-red-color\"><strong>Sauf d\u00e9rogation express l&rsquo;ASBL aucune sono (sauf le mat\u00e9riel de diffusion de la salle) n&rsquo;est autoris\u00e9e. Toutes expressions sonores devront d&rsquo;office cesser \u00e0 minuit au plus tard. <\/strong><\/mark><\/li>\n\n\n\n<li>Les salles sont c\u00e9d\u00e9es <strong>gratuitement<\/strong> pour les repas de fun\u00e9railles d\u2019un habitant de Lessive ou d\u2019une personne se faisant inhumer \u00e0 Lessive ou dont un enfant ou parent est habitant de Lessive.<\/li>\n\n\n\n<li>Pour les manifestations \u00e0 caract\u00e8re culturel (souper, th\u00e9\u00e2tre, bingo, concours de cartes, etc\u2026, manifestations <strong>avec entr\u00e9es ou boissons payantes<\/strong> :<br>Grande et petite salle : <strong>350,00 \u20ac<\/strong> <br><strong><span style=\"color:#cf2e2e\" class=\"color\">L\u2019ASBL se r\u00e9serve le droit de juger du caract\u00e8re culturel ou non de l\u2019\u00e9v\u00e8nement.<\/span><\/strong><\/li>\n\n\n\n<li>Les conditions d\u2019occupation des salles feront toujours l\u2019objet d\u2019une convention particuli\u00e8re entre le locataire et l\u2019ASBL ainsi qu\u2019un \u00e9tat des lieux d\u2019entr\u00e9e et de sortie.<\/li>\n\n\n\n<li>Une caution vers\u00e9e sur le compte de l\u2019ASBL, avec mention&nbsp;: caution, de 300,00 \u20ac sera exig\u00e9e pr\u00e9alablement \u00e0 la remise des cl\u00e9s au locataire, en vue de couvrir d\u2019\u00e9ventuels d\u00e9g\u00e2ts ou frais de nettoyage.<\/li>\n\n\n\n<li>Hors weekend et juillet, ao\u00fbt, pour des occupations limit\u00e9es dans le temps (du type&nbsp;: causerie, jeux, danse, peinture, initiation sportive, etc\u2026), seule une personne du village membre de l\u2019ASBL pourra s&rsquo;engager sur ce type de contrat de location, sur base du tarif horaire suivant <br>                           <mark style=\"background-color:rgba(0, 0, 0, 0)\" class=\"has-inline-color has-vivid-red-color\"><strong><em> ! hors chauffage&nbsp;:&nbsp;<\/em><\/strong><\/mark><strong><em> <\/em><\/strong><br> <span style=\"background-color:#00d084\" class=\"background-color\">2.00 \u20ac \/ l&rsquo;heure d&rsquo;occupation pour la petite salle <br> 4.00 \u20ac \/ l&rsquo;heure d&rsquo;occupation pour la grande salle<\/span> <br><span style=\"color:#cf2e2e\" class=\"color\">!!! Important :<\/span><br><span style=\"color:#cf2e2e\" class=\"color\">&#8211; aucun profit ne sera g\u00e9n\u00e9r\u00e9 par l&rsquo;organisateur.<\/span><br><span style=\"color:#cf2e2e\" class=\"color\">&#8211; aucune vaisselle \u00e0 disposition.<\/span><br><span style=\"color:#cf2e2e\" class=\"color\">&#8211; aucun mat\u00e9riel de cuisine et de bar \u00e0 disposition.<\/span><span style=\"color:#cf2e2e\" class=\"color\"><\/span><\/li>\n\n\n\n<li>A l\u2019\u00e9tat des lieux d\u2019entr\u00e9e et de sortie, seront pris les relev\u00e9s des compteurs d\u2019\u00e9lectricit\u00e9 et d\u2019eau.&nbsp; La consommation sera calcul\u00e9e comme suit&nbsp;:<br>Electricit\u00e9&nbsp;:   compteur jour&nbsp;:           0,50 \u20ac par KWh<br>                    compteur nuit&nbsp;:            0,30 \u20ac par KWh<br>Eau&nbsp;:&nbsp;&nbsp;&nbsp;&nbsp;           6,00 \u20ac par m3<br>Chauffage&nbsp;: &nbsp;&nbsp;&nbsp;1,00 \u20ac par litre<br><\/li>\n<\/ul>\n\n\n\n<p><\/p>\n\n\n\n<div class=\"wp-block-media-text alignwide\" style=\"grid-template-columns:59% auto\"><figure class=\"wp-block-media-text__media\"><img loading=\"lazy\" decoding=\"async\" width=\"528\" height=\"198\" src=\"http:\/\/lestchabotsdelessive.be\/wp-content\/uploads\/2020\/01\/R\u00e9glement-Police-Ville-Rochefort-1.jpg\" alt=\"\" class=\"wp-image-216 size-full\" srcset=\"https:\/\/lestchabotsdelessive.be\/wp-content\/uploads\/2020\/01\/R\u00e9glement-Police-Ville-Rochefort-1.jpg 528w, https:\/\/lestchabotsdelessive.be\/wp-content\/uploads\/2020\/01\/R\u00e9glement-Police-Ville-Rochefort-1-300x113.jpg 300w, https:\/\/lestchabotsdelessive.be\/wp-content\/uploads\/2020\/01\/R\u00e9glement-Police-Ville-Rochefort-1-230x86.jpg 230w, https:\/\/lestchabotsdelessive.be\/wp-content\/uploads\/2020\/01\/R\u00e9glement-Police-Ville-Rochefort-1-350x131.jpg 350w, https:\/\/lestchabotsdelessive.be\/wp-content\/uploads\/2020\/01\/R\u00e9glement-Police-Ville-Rochefort-1-480x180.jpg 480w\" sizes=\"auto, (max-width: 528px) 100vw, 528px\" \/><\/figure><div class=\"wp-block-media-text__content\">\n<p class=\"has-text-align-center\">Texte &nbsp;coordonn\u00e9 des d\u00e9lib\u00e9rations &nbsp;<br \/>du Conseil Communal des 18 avril 2016 <br \/>(d\u00e9lib\u00e9ration n\u00b0 045\/2016) <br \/>et &nbsp;28 novembre 2017 <br \/>(d\u00e9lib\u00e9ration n\u00b0 216\/2017) <\/p>\n<\/div><\/div>\n\n\n\n<p><strong><u>Section 2<\/u> &#8211; Des heures de fermeture des &nbsp;d\u00e9bits &nbsp;de boissons et &nbsp;des magasins de nuit <em>(\u00ab <\/em>night-shops &nbsp;\u00bb) et &nbsp;de la tranquillit\u00e9 dans et &nbsp;aux abords de ces &nbsp;lieux.<\/strong><br><br><strong><u>Article 158<\/u> <\/strong>: <br>Tous les d\u00e9bits de boissons, m\u00eame occasionnels, soumis \u00e0 la taxe d&rsquo;ouverture ou de patente,&nbsp; quelle que soit leur d\u00e9nomination, ainsi que tous les magasins de nuit (\u00ab night-shops \u00bb) seront ferm\u00e9s : <br>de 02h30 \u00e0 06h00, les nuits du vendredi au samedi et du samedi au dimanche;<br>de 02h30 \u00e0 06h00, les nuits du 01 juillet&nbsp; &nbsp;au 30 septembre;  <br>de 00hOO \u00e0 06h00 les autres nuits. <br>Aucune restriction n&rsquo;est &nbsp;impos\u00e9e lors des p\u00e9riodes suivantes : <br>du 31 d\u00e9cembre \u00e0 24h00 au 02 janvier &nbsp;\u00e0 24h00;<br>le week-end de P\u00e2ques, du samedi \u00e0 24h00 au lundi \u00e0 24h00;  <br>du 30 avril&nbsp; \u00e0 24h00 au 02 mai \u00e0 24h00;<br>le week-end de I&rsquo; Ascension. du mercredi \u00e0 24h00 au dimanche \u00e0 24h00  :<br>du 20 juillet &nbsp;\u00e0 24h00 au 22 juillet &nbsp;\u00e0 24h00 :<br>du 14 ao\u00fbt \u00e0 24h00 au 16 ao\u00fbt \u00e0 24h00 :<br>du 26 septembre \u00e0 24h00 au 28 septembre \u00e0 24h00 :<br>du 24 d\u00e9cembre \u00e0 24h00 au 26 d\u00e9cembre \u00e0 24h00 <br>Aucune restriction &nbsp;n&rsquo;est impos\u00e9e lors des kermesses traditionnelles,&nbsp; et uniquement dans la section concern\u00e9e, du vendredi \u00e0 24h00 au jeudi \u00e0 24h00.<br>Les d\u00e9bits &nbsp;de boissons et magasins de nuit vis\u00e9s par la pr\u00e9sente section sont repris &nbsp;sous le vocable <br>\u00ab \u00e9tablissement(s) &nbsp;\u00bb aux articles &nbsp;159 \u00e0 165 ci-apr\u00e8s  <br><strong><u>Article 159<\/u> <\/strong>: <br>Dans les cas vis\u00e9s \u00e0&nbsp; l&rsquo;article 158, o\u00f9 l&rsquo;autorisation d&rsquo;ouverture est &nbsp;accord\u00e9e jusque 02h30 &nbsp;et &nbsp;s&rsquo;il  s&rsquo;agit &nbsp;de bals. la musique doit &nbsp;cesser d&rsquo;\u00eatre \u00e9mise \u00e0 partir de 02h30 &nbsp;au plus tard. &nbsp;Un d\u00e9lai d&rsquo;une demi-heure pour \u00e9vacuer la salle de danse est alors tol\u00e9r\u00e9 (SA)<br><strong><u>Article 160<\/u> <\/strong>: <br>Les exploitants, tenanciers ou organisateurs sont tenus de faire \u00e9vacuer et de fermer leur \u00e9tablissement aux heures prescrites &nbsp;\u00e0 l&rsquo;article 158.<br>Les consommateurs ou toutes personnes se trouvant dans les \u00e9tablissements sont tenus de les  quitter aux heures fix\u00e9es &nbsp;et \u00e0 toute demande de l&rsquo;exploitant ou des forces de l&rsquo;ordre (SA)<br><strong><u>Article 161<\/u> <\/strong>: <br>Les exploitants, tenanciers ou organisateurs &nbsp;sont tenus de maintenir le bon ordre et la tranquillit\u00e9 dans leur \u00e9tablissement. Ils pourront refuser \u00e0 quiconque l&rsquo;entr\u00e9e de leur \u00e9tablissement. Ils doivent prendre toute disposition, et au besoin faire \u00e9vacuer l&rsquo;\u00e9tablissement, pour faire cesser les bruits, rixes ou troubles &nbsp;de nature \u00e0 compromettre la tranquillit\u00e9 publique. (SA) <br><strong><u>Article 162<\/u> <\/strong>: <br>Les normes relatives au tapage nocturne doivent &nbsp;\u00eatre respect\u00e9es par tous les \u00e9tablissements sans  distinction, et ce en conformit\u00e9 avec le pr\u00e9sent r\u00e8glement. <br><strong><u>Article 163<\/u> <\/strong>: <br>Les exploitants, tenanciers &nbsp;ou organisateurs sont tenus en tout temps  &nbsp;de permettre l&rsquo;acc\u00e8s &nbsp;\u00e0 leur \u00e9tablissement, \u00e0 la premi\u00e8re r\u00e9quisition  des forces de l&rsquo;ordre, en vue d&rsquo;y constater ou d\u00e9pister les infractions.  Il est &nbsp;interdit de fermer \u00e0 cl\u00e9 l&rsquo;\u00e9tablissement, d&rsquo;\u00e9teindre ou de  masquer les lumi\u00e8res tant &nbsp;qu&rsquo;une ou plusieurs personnes  s&rsquo;y  trouvent. <strong>(SA<\/strong>)   <br><strong><u>Article 164<\/u> <\/strong>: <br>Les forces de l&rsquo;ordre pourront faire &nbsp;\u00e9vacuer et fermer les \u00e9tablissements o\u00f9 seront constat\u00e9s des d\u00e9sordres susceptibles de troubler la tranquillit\u00e9 publique ou des infractions aux  dispositions du pr\u00e9sent r\u00e8glement.<br>Un \u00e9tablissement ferm\u00e9 par cette mesure de police ne pourra \u00eatre r\u00e9ouvert qu&rsquo;au maximum 24 heures plus tard, &nbsp;tenant compte de l&rsquo;article 158 <br><strong><u>Article 165<\/u> <\/strong>: <br>Les exploitants, tenanciers &nbsp;ou organisateurs devront tenir constamment et visiblement affich\u00e9 dans leur \u00e9tablissement, les articles 158 \u00e0 165 du pr\u00e9sent &nbsp;r\u00e8glement. <strong>(SA<\/strong>) <br><br><strong><u>Section 2 Bis<\/u> &#8211; De la consommation d&rsquo;alcool sur la voie publique.<\/strong><br><br><strong><u>Article 165 bis<\/u> <\/strong>: <br>\u00a7 1. Il est interdit, sur tout le territoire de la commune, en zone agglom\u00e9r\u00e9e, de consommer des boissons alcoolis\u00e9es sur la voie publique au sens de l&rsquo;article 1~r du pr\u00e9sent r\u00e8glement, except\u00e9 sur &nbsp;les terrasses &nbsp;autoris\u00e9es&nbsp; &nbsp;ainsi que sur &nbsp;les &nbsp;lieux des &nbsp;march\u00e9s  &nbsp;publics, des &nbsp;braderies,&nbsp; &nbsp;des foires &nbsp;et &nbsp;de toute &nbsp;autre  &nbsp;manifestation &nbsp;commerciale ou festive &nbsp;d\u00fbment autoris\u00e9e &nbsp;par&nbsp;  l&rsquo;autorit\u00e9 communale. L&rsquo;autorit\u00e9 &nbsp;communale peut &nbsp;assortir&nbsp; &nbsp;cette&nbsp;  &nbsp;autorisation&nbsp; &nbsp;de &nbsp;toute&nbsp; &nbsp;condition &nbsp;qu&rsquo;elle juge bon de poser, en  fonction des circonstances.<br> \u00a7 2. Il est &nbsp;interdit &nbsp;de vendre ou de distribuer des boissons   alcoolis\u00e9es sur la voie publique sauf aux endroits&nbsp;&nbsp; &nbsp;autoris\u00e9s&nbsp;&nbsp; &nbsp;par&nbsp;   &nbsp;l&rsquo;autorit\u00e9&nbsp;&nbsp; &nbsp;communale. &nbsp;L&rsquo;autorit\u00e9&nbsp; &nbsp;communale &nbsp;peut&nbsp; &nbsp;assortir&nbsp;&nbsp;   &nbsp;cette autorisation &nbsp;de toute &nbsp;condition qu&rsquo;elle juge bon de se poser,   en fonction des circonstances.  <br>\u00a7 3. Le &nbsp;Bourgmestre &nbsp;peut &nbsp;prendre&nbsp; &nbsp;toute&nbsp; &nbsp;mesure &nbsp;de &nbsp;police administrative&nbsp; &nbsp;susceptible&nbsp; &nbsp;de &nbsp;faire respecter &nbsp;les interdictions &nbsp;formul\u00e9es &nbsp;\u00e0 l&rsquo;article &nbsp;165 bis. (SA) <\/p>\n","protected":false},"excerpt":{"rendered":"<p>Texte &nbsp;coordonn\u00e9 des d\u00e9lib\u00e9rations &nbsp;du Conseil Communal des 18 avril 2016 (d\u00e9lib\u00e9ration n\u00b0 045\/2016) et &nbsp;28 novembre 2017 (d\u00e9lib\u00e9ration n\u00b0 216\/2017) Section [&hellip;]<\/p>\n","protected":false},"author":1,"featured_media":0,"parent":0,"menu_order":0,"comment_status":"closed","ping_status":"closed","template":"","meta":{"ngg_post_thumbnail":0,"footnotes":""},"class_list":["post-18","page","type-page","status-publish","hentry"],"_links":{"self":[{"href":"https:\/\/lestchabotsdelessive.be\/index.php\/wp-json\/wp\/v2\/pages\/18","targetHints":{"allow":["GET"]}}],"collection":[{"href":"https:\/\/lestchabotsdelessive.be\/index.php\/wp-json\/wp\/v2\/pages"}],"about":[{"href":"https:\/\/lestchabotsdelessive.be\/index.php\/wp-json\/wp\/v2\/types\/page"}],"author":[{"embeddable":true,"href":"https:\/\/lestchabotsdelessive.be\/index.php\/wp-json\/wp\/v2\/users\/1"}],"replies":[{"embeddable":true,"href":"https:\/\/lestchabotsdelessive.be\/index.php\/wp-json\/wp\/v2\/comments?post=18"}],"version-history":[{"count":95,"href":"https:\/\/lestchabotsdelessive.be\/index.php\/wp-json\/wp\/v2\/pages\/18\/revisions"}],"predecessor-version":[{"id":602,"href":"https:\/\/lestchabotsdelessive.be\/index.php\/wp-json\/wp\/v2\/pages\/18\/revisions\/602"}],"wp:attachment":[{"href":"https:\/\/lestchabotsdelessive.be\/index.php\/wp-json\/wp\/v2\/media?parent=18"}],"curies":[{"name":"wp","href":"https:\/\/api.w.org\/{rel}","templated":true}]}}